on factor of 195 and i.
39
Let a(h) = h**2 - 9. Let b = 54 + -99. Let p = b - -41. Let y be a(p). What is the highest common divisor of y and 49?
7
Suppose -6*o + 10*o - 96 = 0. Suppose 3*s + 2627 = 2654. Calculate the highest common factor of s and o.
3
Let k(y) = -24*y**2 - 29*y + 38. Let v(g) = -11*g**2 - 14*g + 18. Let t(q) = 6*k(q) - 13*v(q). Let r be t(3). What is the highest common factor of r and 729?
9
Let h = -11 + 36. Let b(v) = v**2 + 5*v - 19. Let x be b(3). Calculate the greatest common divisor of x and h.
5
Let f = 247 - 250. Let j be (62/3 - f) + 7/21. What is the greatest common divisor of j and 78?
6
Let r be (2 - 3/3) + 126. Suppose 3*i = -u + r, -3*u - 8*i = -3*i - 393. Let g = 811 - 794. What is the greatest common divisor of u and g?
17
Let y be 14 + 248 + (2 - 4). Let j = -32 - -52. What is the highest common factor of j and y?
20
Suppose -5*h - 5*b = -90, 44*h - 4*b = 49*h - 90. What is the highest common divisor of 2943 and h?
9
Suppose -c - 143 = -4*y - 441, 5*y = 5*c - 1475. Calculate the greatest common divisor of 112 and c.
14
Let b = 12097 + -12051. What is the highest common factor of 11477 and b?
23
Let x(c) = -c**3 + 26*c**2 - 55*c + 40. Let w be x(23). Calculate the highest common factor of 2 and w.
2
Let s(g) = g**3 - 2*g**2 + 60*g - 208. Let p be s(4). What is the greatest common factor of 1888 and p?
32
Suppose -595 - 933 = -c + 4*h, -2*h + 3006 = 2*c. Suppose 613*d - 119652 = -302*d - 526*d - 860*d. What is the greatest common factor of d and c?
52
Let n(q) = -38*q**2 + 10*q**2 + 29*q**2 + 11*q - 4. Let c be n(5). What is the highest common factor of 38 and c?
38
Let t(m) = 67*m - 760. Let y be t(13). Calculate the greatest common divisor of 2775 and y.
111
Suppose -3*a - 5*i = -9248, 2*a - 4689 = -i + 1481. Suppose 5*w + a = 3*q, 5*q - 2*w - 3399 = 1757. Calculate the highest common divisor of 24 and q.
24
Let z(j) = 2*j**2 + 304 - 22*j - 165 - 177. Let o be z(13). Calculate the highest common factor of o and 119.
7
Let o(m) = -1364*m + 13660. Let j be o(10). Calculate the highest common divisor of 1460 and j.
20
Let k be -14 + -70*48/(-120). Calculate the greatest common divisor of 5404 and k.
14
Let m be -13 - -20 - (1/(-2))/(1/60). Calculate the greatest common divisor of 13579 and m.
37
Suppose f + 5*m = 2*f + 82, 4*f + 2*m = -218. Let q = 72 + f. Let i be (1 + (-21)/q)/(4/(-40)). What is the highest common factor of i and 1?
1
Suppose -6*z + 544 = -590. Suppose 0 = 21*b - 20*b - z. Let n(u) = 3*u**2 + 5*u - 1. Let f be n(-4). What is the greatest common factor of b and f?
27
Let w = -90 - -162. Suppose -18*k + 10*k = -w. What is the greatest common divisor of 54 and k?
9
Let j be (0 - -1)*(-3 + -2). Let v be 12/j*(-39 + -1). Let z be -8*(-335)/200 - (-21)/(-15). What is the highest common factor of v and z?
12
Let z(k) = -2*k**3 - 5*k**2 + 29*k - 12. Let n be z(-8). Calculate the highest common factor of 740 and n.
20
Suppose 0 = -13*z - 59 + 47 + 519. What is the highest common divisor of 338 and z?
13
Suppose -2*u = -2, -2*u - 361 = -6*c + 3*c. Let t = 132 - c. What is the highest common factor of t and 77?
11
Suppose 1699 = 67*m + 732 - 708. Calculate the highest common factor of 425 and m.
25
Let k(a) = 7*a**2 - 7. Let o be k(-10). What is the highest common factor of 6699 and o?
231
Suppose -5*u - z = -6637, -u - 47*z = -45*z - 1322. Calculate the greatest common factor of 7636 and u.
332
Let l(w) = w**2 + w + 1. Let g be l(-2). Suppose -66 = -g*m - 3*m. Suppose 96 + 156 = 2*u + 5*z, -z + 244 = 2*u. What is the highest common divisor of u and m?
11
Suppose 0*n - 4 = -2*n. Suppose -n*t = 36 - 48. Calculate the highest common divisor of t and 162.
6
Suppose 178*n + 358 = 2*x + 177*n, -3*x + 2*n + 541 = 0. Calculate the greatest common divisor of x and 560.
35
Let h(r) = -95*r + 531. Let a be h(3). Calculate the highest common factor of a and 69.
3
Suppose 5*g + 1023 = 2*u, -74*u - 9*g - 1003 = -76*u. Calculate the greatest common factor of u and 2227.
131
Let l be (-69)/(-9) - (-6)/(-9). Suppose -5*o - 17 = -b, 3*b - o = -0*o - 19. Let n = b + 15. What is the greatest common factor of l and n?
7
Let g be 15 - 154/14 - -46. Calculate the greatest common divisor of 235 and g.
5
Let q(c) = -c**2 + 12*c - 15. Let z be q(10). Suppose 5*p = -z*y + 45, 3*p - 39 + 10 = -y. What is the highest common factor of 75 and p?
5
Let t(p) = 710*p + 1306. Let b be t(4). What is the greatest common factor of 12 and b?
6
Suppose -10*z + 20 = -5*z. Suppose 0 = 51*s - 780 - 852. Calculate the highest common divisor of s and z.
4
Suppose -1911 = -5*y - 2*a - 422, 4*a - 1196 = -4*y. Suppose -33*v = -22*v - y. What is the greatest common divisor of v and 21?
3
Let c be -4 - ((-4 - -4) + -134). Suppose 160 = 5*j - 3*k, 5*j + 7*k - 4*k - c = 0. Suppose -6*z = -203 + j. What is the highest common factor of 29 and z?
29
Let z = -19104 + 19128. Suppose 4*i + 10 - 682 = 0. What is the highest common factor of z and i?
24
Let f(n) = -314*n + 1508. Let l be f(-9). Calculate the greatest common divisor of l and 22.
22
Suppose -756*z + 753*z = -21. Suppose -z*i = -181 + 34. What is the highest common factor of i and 21?
21
Suppose -4*a - j + 25 = -40, 3*a - 2*j = 35. Suppose 4*v = -2*b - 198 - 86, -428 = 3*b + 4*v. Let l = b + 204. What is the greatest common divisor of a and l?
15
Let z = 79 - 76. Let a(p) = p**3 - 8*p**2 + 18*p - 3. Let j be a(z). Let s be ((-6)/8)/((-1)/20). Calculate the greatest common divisor of s and j.
3
Suppose -340 = 18*b - 1185 - 307. Calculate the highest common divisor of b and 6592.
64
Let v = -3144 - -5556. What is the highest common divisor of v and 27?
9
Let h(n) = -467*n - 59. Let z be h(-2). What is the greatest common divisor of z and 245?
35
Let z(k) = k**3 - 30*k**2 + 89*k + 90. Let a be z(27). Calculate the greatest common divisor of 13617 and a.
153
Suppose -10*s - 4*s + 123 = -129. What is the highest common divisor of s and 1866?
6
Suppose 0 = -174*k + 74*k + 7751 - 2751. Calculate the greatest common factor of k and 4410.
10
Suppose -1020 = -214*r + 2404. What is the highest common factor of 3888 and r?
16
Let o be 41 + 36/10*20/18*(-117)/78. Suppose 0 = -4*v - v + 140. What is the greatest common divisor of o and v?
7
Suppose 0 = -4*j + 16, -2*v + 5*j - 48 = j. Let o = 266 - v. Let l = -183 + o. What is the highest common divisor of 9 and l?
9
Suppose 5*i - 2455 = -5*r, -371 = -3*i + 5*r + 1126. Calculate the highest common divisor of i and 234.
26
Let j(p) = -2*p**2 - 6*p + 8. Let a be j(3). Let w be (-69)/(-21) + 8/a. What is the greatest common factor of 42 and w?
3
Suppose 4*a + 6*f + 9292 = 2*f, 0 = -3*a + 4*f - 6983. Let u be (-9)/(-6) + a/(-50). What is the greatest common factor of u and 108?
12
Let l be ((-36)/(-8))/((-13)/(-52)). What is the highest common divisor of l and 45?
9
Suppose -612 = -3*s - s. Let b(g) = -230*g - 22761. Let l be b(-99). What is the greatest common divisor of l and s?
9
Let b = -15323 - -15544. Calculate the highest common divisor of b and 544.
17
Suppose -2*l - 10 = 0, 3*l + l = 4*f - 76. Suppose -f + 28 = -i. Let h(n) = -4*n - 28. Let b be h(i). What is the greatest common factor of b and 14?
14
Suppose 0 = -5*g + 10, 4*i - 632 - 246 = 5*g. Suppose -l + 228 = i. What is the highest common divisor of 54 and l?
6
Let r be (99/(-6))/(1/(-14)). Suppose 16*s - 12*s = -4, 0 = 5*j - s - 106. Calculate the greatest common divisor of j and r.
21
Suppose -54*b = -3600 - 5148. What is the greatest common divisor of 27 and b?
27
Let r be ((-6600)/250)/(4/(-20)). What is the highest common divisor of r and 12012?
132
Suppose -13*p = -16*p + 123. Suppose -2*v = -47 - p. Suppose 48*k - v*k - 116 = 0. Calculate the highest common factor of k and 145.
29
Suppose 107*n - 78*n - 69*n + 16560 = 0. Calculate the greatest common factor of n and 23.
23
Suppose -3399 + 12303 = -6*p. Let n = p - -2105. What is the greatest common factor of 23 and n?
23
Let j(h) = -14*h - 463. Let y be j(-41). What is the highest common divisor of 1776 and y?
111
Let h be (-5)/7 - 489270/(-987). What is the highest common factor of h and 1683?
99
Let l be 3 + (-47117)/(-42) - 2/(-12). Let a be 1/(2 - 2247/l). Suppose q - a = -4*q. What is the greatest common divisor of q and 50?
25
Let j